{"id":1036,"date":"2019-01-10T22:37:50","date_gmt":"2019-01-10T21:37:50","guid":{"rendered":"http:\/\/www.tfg66.ch\/?page_id=1036"},"modified":"2022-11-21T20:52:30","modified_gmt":"2022-11-21T19:52:30","slug":"clubausfluege","status":"publish","type":"page","link":"https:\/\/www.tfg66.ch\/?page_id=1036","title":{"rendered":"Clubausfl\u00fcge"},"content":{"rendered":"\n<p class=\"has-medium-font-size\">Neujahrstauchen 21. Januar 2023 des OTC Manta<\/p>\n\n\n\n<p>Wir tauchen dieses Jahr wieder auf dem Gel\u00e4nde des Hotel Bad Horn, das Startgeld f\u00fcr jeden Taucher betr\u00e4gt 35 Franken (Tauchbetrieb ab 09:00 Uhr). <\/p>\n\n\n\n<p>Detaillierte Infos folgen zu gegebener Zeit.<\/p>\n\n\n\n<p>Vergangene Jahre: <a href=\"http:\/\/www.tfg66.ch\/?page_id=1038\">2018<\/a> <a href=\"http:\/\/www.tfg66.ch\/?page_id=1039\">2017<\/a> <a href=\"http:\/\/2016\">2016<\/a><\/p>\n\n\n\n<p><\/p>\n","protected":false},"excerpt":{"rendered":"<p>Neujahrstauchen 21. Januar 2023 des OTC Manta Wir tauchen dieses Jahr wieder auf dem Gel\u00e4nde des Hotel Bad Horn, das Startgeld f\u00fcr jeden Taucher betr\u00e4gt 35 Franken (Tauchbetrieb ab 09:00 Uhr). Detaillierte Infos folgen zu gegebener Zeit. Vergangene Jahre: 2018 2017 2016<\/p>\n","protected":false},"author":1,"featured_media":0,"parent":0,"menu_order":0,"comment_status":"closed","ping_status":"closed","template":"","meta":{"ngg_post_thumbnail":0,"footnotes":""},"class_list":["post-1036","page","type-page","status-publish","hentry"],"_links":{"self":[{"href":"https:\/\/www.tfg66.ch\/index.php?rest_route=\/wp\/v2\/pages\/1036","targetHints":{"allow":["GET"]}}],"collection":[{"href":"https:\/\/www.tfg66.ch\/index.php?rest_route=\/wp\/v2\/pages"}],"about":[{"href":"https:\/\/www.tfg66.ch\/index.php?rest_route=\/wp\/v2\/types\/page"}],"author":[{"embeddable":true,"href":"https:\/\/www.tfg66.ch\/index.php?rest_route=\/wp\/v2\/users\/1"}],"replies":[{"embeddable":true,"href":"https:\/\/www.tfg66.ch\/index.php?rest_route=%2Fwp%2Fv2%2Fcomments&post=1036"}],"version-history":[{"count":5,"href":"https:\/\/www.tfg66.ch\/index.php?rest_route=\/wp\/v2\/pages\/1036\/revisions"}],"predecessor-version":[{"id":1503,"href":"https:\/\/www.tfg66.ch\/index.php?rest_route=\/wp\/v2\/pages\/1036\/revisions\/1503"}],"wp:attachment":[{"href":"https:\/\/www.tfg66.ch\/index.php?rest_route=%2Fwp%2Fv2%2Fmedia&parent=1036"}],"curies":[{"name":"wp","href":"https:\/\/api.w.org\/{rel}","templated":true}]}}