{"id":1039,"date":"2019-01-10T22:39:04","date_gmt":"2019-01-10T21:39:04","guid":{"rendered":"http:\/\/www.tfg66.ch\/?page_id=1039"},"modified":"2019-01-10T23:04:15","modified_gmt":"2019-01-10T22:04:15","slug":"2017-2","status":"publish","type":"page","link":"https:\/\/www.tfg66.ch\/?page_id=1039","title":{"rendered":"2017 Verzsasca"},"content":{"rendered":"\n<p><strong>Was alles passieren kann&#8230;.<\/strong><\/p>\n\n\n\n<p>Auf der Webseite herrscht Durcheinander aber der Club taucht! Aus einer spontanen Idee an einem Freitag Abend ist unser&nbsp;<strong>Tauchweekend 2017<\/strong>&nbsp;entstanden. Perfekt organisiert und durchgef\u00fchrt!<\/p>\n\n\n\n<div class=\"wp-block-image\"><figure class=\"aligncenter\"><img decoding=\"async\" src=\"http:\/\/tfg66.hechtackersg.ch\/fileadmin\/_processed_\/csm_IMG_7371_c9953efa34.jpg\" alt=\"\"\/><\/figure><\/div>\n\n\n\n<p>Klarer Durchblick, nicht zu viel Str\u00f6mung, zur Tauchzeit fast perfektes Wetter, super Essen&nbsp; und gute Laune. Das war unser Ausflug in die Verszasca. Sch\u00f6n das so etwas m\u00f6glich ist! F\u00fcr alle, die dabei gewesen sind und auch f\u00fcr die daheim gebliebenen findet Ihr hier<a href=\"http:\/\/ladyk.segeln-ladyk.ch\/tfg66\/verzasca2017\/\" target=\"_blank\" rel=\"noreferrer noopener\">&nbsp;die umfangreiche Fotogalerie<\/a>: Benutzer und Kennwort wie gehabt.<\/p>\n","protected":false},"excerpt":{"rendered":"<p>Was alles passieren kann&#8230;. Auf der Webseite herrscht Durcheinander aber der Club taucht! Aus einer spontanen Idee an einem Freitag Abend ist unser&nbsp;Tauchweekend 2017&nbsp;entstanden. Perfekt organisiert und durchgef\u00fchrt! Klarer Durchblick, nicht zu viel Str\u00f6mung, zur Tauchzeit fast perfektes Wetter, super Essen&nbsp; und gute Laune. Das war unser Ausflug in die Verszasca. Sch\u00f6n das so etwas &hellip; <\/p>\n<p class=\"link-more\"><a href=\"https:\/\/www.tfg66.ch\/?page_id=1039\" class=\"more-link\"><span class=\"screen-reader-text\">\u201e2017 Verzsasca\u201c <\/span>weiterlesen<\/a><\/p>\n","protected":false},"author":1,"featured_media":0,"parent":0,"menu_order":0,"comment_status":"closed","ping_status":"closed","template":"","meta":{"ngg_post_thumbnail":0,"footnotes":""},"class_list":["post-1039","page","type-page","status-publish","hentry"],"_links":{"self":[{"href":"https:\/\/www.tfg66.ch\/index.php?rest_route=\/wp\/v2\/pages\/1039","targetHints":{"allow":["GET"]}}],"collection":[{"href":"https:\/\/www.tfg66.ch\/index.php?rest_route=\/wp\/v2\/pages"}],"about":[{"href":"https:\/\/www.tfg66.ch\/index.php?rest_route=\/wp\/v2\/types\/page"}],"author":[{"embeddable":true,"href":"https:\/\/www.tfg66.ch\/index.php?rest_route=\/wp\/v2\/users\/1"}],"replies":[{"embeddable":true,"href":"https:\/\/www.tfg66.ch\/index.php?rest_route=%2Fwp%2Fv2%2Fcomments&post=1039"}],"version-history":[{"count":7,"href":"https:\/\/www.tfg66.ch\/index.php?rest_route=\/wp\/v2\/pages\/1039\/revisions"}],"predecessor-version":[{"id":1068,"href":"https:\/\/www.tfg66.ch\/index.php?rest_route=\/wp\/v2\/pages\/1039\/revisions\/1068"}],"wp:attachment":[{"href":"https:\/\/www.tfg66.ch\/index.php?rest_route=%2Fwp%2Fv2%2Fmedia&parent=1039"}],"curies":[{"name":"wp","href":"https:\/\/api.w.org\/{rel}","templated":true}]}}