{"id":1669,"date":"2025-03-08T11:42:26","date_gmt":"2025-03-08T10:42:26","guid":{"rendered":"https:\/\/www.tfg66.ch\/?page_id=1669"},"modified":"2025-03-08T12:14:30","modified_gmt":"2025-03-08T11:14:30","slug":"intern","status":"publish","type":"page","link":"https:\/\/www.tfg66.ch\/?page_id=1669","title":{"rendered":"Intern"},"content":{"rendered":"\n<p>Um auf die Unterordner dieses Verzeichnisses zuzugreifen m\u00fcsst Ihr Euch <a href=\"https:\/\/www.tfg66.ch\/?page_id=247\" data-type=\"page\" data-id=\"247\">anmelden<\/a>.<br>Falls Ihr noch kein Konto habt, <a href=\"https:\/\/www.tfg66.ch\/?page_id=245\" data-type=\"page\" data-id=\"245\">k\u00f6nnt Ihr Euch hier registrieren<\/a>. Stefan wird Euch innerhalb eines Tages freischalten. Die von fr\u00fcher g\u00fcltigen Zugangsdaten f\u00fcr alle sind wie gehabt.<\/p>\n\n\n\n<p><a href=\"https:\/\/www.tfg66.ch\/?page_id=658\" data-type=\"page\" data-id=\"658\">Fotos<\/a><\/p>\n\n\n\n<p><a href=\"https:\/\/www.tfg66.ch\/?page_id=1665\" data-type=\"page\" data-id=\"1665\">Mitgliederbereich<\/a><\/p>\n\n\n\n<p><a href=\"https:\/\/www.tfg66.ch\/?page_id=1673\" data-type=\"page\" data-id=\"1673\">Vorstand<\/a><\/p>\n","protected":false},"excerpt":{"rendered":"<p>Um auf die Unterordner dieses Verzeichnisses zuzugreifen m\u00fcsst Ihr Euch anmelden.Falls Ihr noch kein Konto habt, k\u00f6nnt Ihr Euch hier registrieren. Stefan wird Euch innerhalb eines Tages freischalten. Die von fr\u00fcher g\u00fcltigen Zugangsdaten f\u00fcr alle sind wie gehabt. Fotos Mitgliederbereich Vorstand<\/p>\n","protected":false},"author":6,"featured_media":0,"parent":0,"menu_order":0,"comment_status":"closed","ping_status":"closed","template":"","meta":{"ngg_post_thumbnail":0,"footnotes":""},"class_list":["post-1669","page","type-page","status-publish","hentry"],"_links":{"self":[{"href":"https:\/\/www.tfg66.ch\/index.php?rest_route=\/wp\/v2\/pages\/1669","targetHints":{"allow":["GET"]}}],"collection":[{"href":"https:\/\/www.tfg66.ch\/index.php?rest_route=\/wp\/v2\/pages"}],"about":[{"href":"https:\/\/www.tfg66.ch\/index.php?rest_route=\/wp\/v2\/types\/page"}],"author":[{"embeddable":true,"href":"https:\/\/www.tfg66.ch\/index.php?rest_route=\/wp\/v2\/users\/6"}],"replies":[{"embeddable":true,"href":"https:\/\/www.tfg66.ch\/index.php?rest_route=%2Fwp%2Fv2%2Fcomments&post=1669"}],"version-history":[{"count":5,"href":"https:\/\/www.tfg66.ch\/index.php?rest_route=\/wp\/v2\/pages\/1669\/revisions"}],"predecessor-version":[{"id":1681,"href":"https:\/\/www.tfg66.ch\/index.php?rest_route=\/wp\/v2\/pages\/1669\/revisions\/1681"}],"wp:attachment":[{"href":"https:\/\/www.tfg66.ch\/index.php?rest_route=%2Fwp%2Fv2%2Fmedia&parent=1669"}],"curies":[{"name":"wp","href":"https:\/\/api.w.org\/{rel}","templated":true}]}}